) = c - 2. Let b be w(4). Let n = 4 - b. Calculate the highest common factor of 4 and n.
2
Let d(y) = 4*y**2 + 5*y - 2. Let k be d(-4). What is the greatest common divisor of 28 and k?
14
Let b(k) = k - 11. Let w be b(0). Let z(m) = m + 15. Let u be z(w). What is the greatest common divisor of u and 10?
2
Suppose 5*o = -0*o + 560. Suppose -2*c = -5*c + 108. Suppose -t = 3*s - c - 10, 5*s = 5*t + 50. What is the greatest common factor of o and s?
14
Suppose -2*u + 32 = -140. Suppose 4*y + 10 - u = 0. What is the highest common divisor of y and 133?
19
Let w = 14 + -10. Let v be (8/6)/(w/30). Suppose m + 1 = 4*f, -4*m + 8 = 4*f - 8. Calculate the highest common factor of v and f.
1
Suppose k = -4*k + 25. Let a = 8 - k. Suppose 3 = -5*i - 2*j + 46, a*i + 5*j - 22 = 0. What is the greatest common divisor of i and 99?
9
Let n = 6 + -1. Suppose -i = -10*h + 5*h + 25, -n*i - 17 = 2*h. Calculate the greatest common divisor of h and 28.
4
Suppose -3*o + 6*o = 3. What is the greatest common divisor of 7 and o?
1
Suppose -3*p + a + 87 = 4*a, -4*a + 35 = p. Let r = 6 + p. Calculate the greatest common factor of 11 and r.
11
Let n(d) = d**2 - 2. Suppose 0 = f + 2 - 0. Let o be n(f). Suppose 3*g - i + 2 = 0, 2*i - 27 = -o*g - 3*i. What is the greatest common factor of g and 8?
1
Suppose -2*m + 2*h + 246 = 0, 4*m - h - 2*h = 489. Let s = -41 + 71. Let o = -15 + s. What is the greatest common divisor of m and o?
15
Let l = 30 + -14. What is the greatest common factor of l and 2?
2
Suppose -s = s - 4*z - 102, -5*z = 5*s - 210. Let t = 18 - 13. What is the highest common divisor of s and t?
5
Suppose t + 2*t = 0, 8 = 4*a - 2*t. What is the greatest common factor of 14 and a?
2
Let t be (-120)/(-35) + 6/(-14). Suppose -t + 2 = -o. What is the greatest common divisor of 7 and o?
1
Let t = 15 + -12. What is the greatest common divisor of t and 12?
3
Let d be (88/20)/(8/20). What is the greatest common factor of d and 33?
11
Let f = -25 + 55. Calculate the greatest common divisor of 10 and f.
10
Suppose -4*f - 34 = -4*r + 110, -3*r + 108 = 4*f. Suppose -a - 2 = -4*b, 2*b + 5 = a - 3. What is the highest common factor of a and r?
18
Let c = -15 - -29. What is the highest common divisor of 28 and c?
14
Let u = -6 - -15. Let o = 13 - 5. Let d be 2/8 - (-70)/o. Calculate the highest common divisor of u and d.
9
Suppose -4*p - 4*b = -312, -3*b = -3*p + 5*p - 153. Calculate the highest common factor of 9 and p.
9
Let b(g) = 4*g + 2. Let m(i) = i - 1. Let u(k) = -b(k) - 5*m(k). Let x be u(-9). Suppose -4*a - 12 = -x. Calculate the highest common factor of a and 72.
18
Suppose a = g + 2 - 0, g = 5*a - 22. Let z = g - -1. Suppose z*n + n = 40. What is the highest common factor of n and 24?
8
Suppose -6 = -2*j + j. Let n be (40/8 - -2)*(-6)/(-1). Calculate the greatest common divisor of n and j.
6
Suppose 5*h - 150 = 2*h. Suppose s = -4*s + h. Let i be (3 - 0) + (-2)/(-2). Calculate the greatest common divisor of s and i.
2
Suppose 5*s - 16 = s. Let u = -20 - -24. What is the greatest common factor of s and u?
4
Let r(k) = -k**3 + 7*k**2 - 2*k + 7. Let z be r(7). Let n = -11 + 7. Let b = n - z. What is the highest common divisor of 21 and b?
3
Let a = 27 - 20. What is the greatest common factor of 21 and a?
7
Let l be 11*3/1 + -1. Let u be 20/6*(-3)/(-2). Suppose 3*j + 0*a = u*a + 129, 39 = j - 3*a. Calculate the greatest common divisor of l and j.
16
Let q = -8 + 20. What is the highest common factor of 36 and q?
12
Let c = -39 + 41. What is the highest common factor of 16 and c?
2
Let b = -47 - -101. Suppose b = 4*r - 5*d, -3*r + 0*d - 3*d = -27. Calculate the greatest common factor of r and 121.
11
Suppose -3*a - v = -169, 5*a + 0*v + 5*v - 275 = 0. Suppose 7 = -5*l + a. Calculate the highest common factor of l and 50.
10
Let c(q) = 5*q**3 + 2*q + 1. Let j be c(-1). Let v = -4 - j. Suppose -v*r = r - 72. What is the highest common divisor of r and 3?
3
Suppose 4*l - 10 = 5*c, 0 = -5*l + 3*c - 6 + 25. Suppose -5*v - 20 = 0, y - 14 = l*v - 3*v. Calculate the greatest common divisor of 4 and y.
2
Suppose -58*j = -56*j - 36. Suppose 5*b - 25 = 20. Calculate the greatest common divisor of b and j.
9
Let n(x) be the second derivative of x**3/3 - x**2/2 - x. Let j be n(5). Let i(g) = -g + 9. Let u be i(6). Calculate the highest common factor of u and j.
3
Let z(q) = q**2 - 15*q + 9. Let k(x) = 2*x**2 - 15*x + 9. Let p(a) = -2*k(a) + 3*z(a). Let t be p(-8). What is the highest common divisor of 26 and t?
13
Suppose 5*x - s = 576, 9*x - 572 = 4*x - 3*s. Calculate the greatest common divisor of 23 and x.
23
Let h = -42 + 92. Calculate the highest common factor of h and 10.
10
Suppose -c + 28 = -49. Let p(j) = -j - 1. Let v be p(-8). What is the highest common factor of v and c?
7
Let a(o) be the second derivative of -o**4/12 + 2*o**3/3 + 7*o**2/2 + 4*o. Let n be a(5). What is the greatest common divisor of n and 2?
2
Let r = 175 - 135. What is the greatest common factor of 5 and r?
5
Suppose 3*i + 0*i + 45 = 0. Let a be (35/15)/((-1)/i). Calculate the greatest common factor of 5 and a.
5
Let u be 2/(-2)*(-4 + 1). Suppose 4*v = u*v + 4. Suppose -b + v*r - 8 + 5 = 0, 4*b - 24 = 4*r. What is the greatest common divisor of 6 and b?
3
Let x be (4/(-3) - -2)/(16/24). Calculate the greatest common divisor of 2 and x.
1
Let h(k) = -12*k + 4. Let q be h(-3). Let w(i) = i**2 + i - 4. Suppose 5*l = -7 + 22. Let b be w(l). What is the greatest common divisor of q and b?
8
Suppose 0 = -3*q - 2*q + 25. Suppose 3*r + 0 = 3*v - 3, 29 = 5*v + r. What is the greatest common factor of q and v?
5
Let l(y) = 19*y + 4. Let d be l(2). Calculate the greatest common factor of 21 and d.
21
Let n(d) = 2*d**2 + 1 - 3*d**2 - 11*d**3 + 0*d**2. Let g be n(-1). Calculate the greatest common divisor of g and 88.
11
Let n be (-3)/6 + 20/8. Suppose 0*o + n*o = 48. Suppose 3*f + o = 5*f. Calculate the highest common factor of 60 and f.
12
Let n be -1 - (-24)/1 - (3 + 1). Calculate the greatest common divisor of n and 57.
19
Let f(m) = -3*m - 6. Let r be f(-3). What is the highest common factor of r and 21?
3
Suppose -207 = -3*v + 2*i - 4*i, -2*v - 2*i + 136 = 0. Let l = -43 + v. Calculate the highest common factor of 14 and l.
14
Suppose -9*r + 137 = -34. What is the greatest common factor of 171 and r?
19
Suppose z - 58 = -z - y, -3*y = 4*z - 116. What is the highest common divisor of z and 145?
29
Let b be 384/(-28) - 2/7. Let r = b - -17. What is the greatest common divisor of r and 27?
3
Suppose -f + 10 + 50 = 0. Suppose 0 = -2*g, f = 2*v + g - 84. What is the highest common divisor of 8 and v?
8
Let j(o) = -o**3 + 4*o**2 + 2*o - 3. Let m be j(3). Let v = 175 + -67. Calculate the greatest common divisor of m and v.
12
Let q(c) = 5*c**2 + 3*c. Let x be q(-8). What is the highest common factor of 37 and x?
37
Suppose 2*f = 4*f - 12. What is the highest common factor of f and 3?
3
Suppose 6 = 3*k - 12. Suppose -10*h + k*h + 320 = 0. What is the highest common factor of h and 10?
10
Let g = 9 - 7. Suppose 0 = 5*b - 0*b - 3*h - 5, -4*h + g = 2*b. Calculate the greatest common divisor of b and 4.
1
Let f(z) = 27*z - 6. Let p be f(2). What is the highest common factor of 32 and p?
16
Suppose 14 = n + 3*i - 6, -3*n = 3*i - 30. Suppose 0 = 2*f + n*f - 56. Calculate the highest common divisor of 8 and f.
8
Suppose 5*b - 4 = 6. Suppose -n + 6 = b*j, -j + 15 = n - 2*j. Let r = 20 - n. What is the highest common factor of r and 20?
4
Let o be (-1)/(-4) + 110/8. Calculate the highest common divisor of o and 77.
7
Let g be (-143)/(-5) + -2 - (-30)/(-50). Suppose 1 = -4*k - 11, 3*q = 4*k + 51. Calculate the highest common divisor of q and g.
13
Let m be 2/(-3)*3 + 17. Suppose 2*j - m - 5 = 0. Suppose 4*i - i + k - 49 = 0, j = -2*k. Calculate the highest common divisor of i and 18.
18
Let c be 0/(-2)*7/7. Suppose 3*r + 27 = -c. Let l = 2 - r. What is the greatest common divisor of 11 and l?
11
Let k = 84 - 59. What is the highest common factor of k and 200?
25
Suppose -3*i + 7*i = -5*c + 93, -c - 5*i = -27. Let g(p) = 9*p**2 - 2*p + 1. Let q be g(-4). Calculate the greatest common divisor of c and q.
17
Suppose 8*q - 233 = 71. What is the greatest common divisor of 418 and q?
38
Let y = -10 - -12. Let v = y - -2. What is the